{"id":954,"date":"2016-09-02T17:55:07","date_gmt":"2016-09-02T15:55:07","guid":{"rendered":"https:\/\/ev-allianz-braunschweig\/?page_id=954"},"modified":"2017-12-06T19:25:12","modified_gmt":"2017-12-06T18:25:12","slug":"christliche-schule-braunschweig","status":"publish","type":"page","link":"https:\/\/ev-allianz-braunschweig.de\/?page_id=954","title":{"rendered":"Christliche Schule Braunschweig"},"content":{"rendered":"<p><a href=\"https:\/\/ev-allianz-braunschweig\/wp-content\/uploads\/2016\/09\/Foto-Homepage-Allianz.jpg\"><img decoding=\"async\" loading=\"lazy\" class=\"wp-image-957 size-full alignleft\" src=\"https:\/\/ev-allianz-braunschweig\/wp-content\/uploads\/2016\/09\/Foto-Homepage-Allianz.jpg\" alt=\"Foto Homepage Allianz\" width=\"988\" height=\"234\" srcset=\"https:\/\/ev-allianz-braunschweig.de\/wp-content\/uploads\/2016\/09\/Foto-Homepage-Allianz.jpg 988w, https:\/\/ev-allianz-braunschweig.de\/wp-content\/uploads\/2016\/09\/Foto-Homepage-Allianz-300x71.jpg 300w, https:\/\/ev-allianz-braunschweig.de\/wp-content\/uploads\/2016\/09\/Foto-Homepage-Allianz-768x182.jpg 768w\" sizes=\"(max-width: 988px) 100vw, 988px\" \/><\/a><\/p>\n<p style=\"text-align: justify;\"><strong>Die<\/strong> <strong>Christliche Schule Braunschweig ist aus einer Initiative der Evangelischen Allianz Braunschweig heraus im Jahre 2011 entstanden.<\/strong><\/p>\n<p style=\"text-align: justify;\">Die Schule befindet sich in n\u00f6rdlicher Region von Braunschweig, im Stadtteil Kralenriede. Als staatlich anerkannte <strong>Grundschule<\/strong> in freier Tr\u00e4gerschaft finanziert sie sich \u00fcber Schulgeld, staatliche Zusch\u00fcsse und freiwillige Spenden.<br \/>\nAls Wertma\u00dfst\u00e4be f\u00fcr die Bildung und Erziehung dienen der christliche Glaube und das christliche Welt- und Menschenbild. Kinder werden bef\u00e4higt, ihr Leben selbst\u00e4ndig und in der Verantwortung vor Gott zu f\u00fchren. Das hat Auswirkungen auf das soziale Handeln, die Wertsch\u00e4tzung einer jeglichen Person und somit auf ein friedvolles Zusammenleben.<\/p>\n<p><em>Darum &#8220;Liebe den Herrn, deinen Gott, von ganzem Herzen, mit ganzem Willen und mit aller deiner Kraft und deinem ganzen Verstand! Und: Liebe deinen Mitmenschen wie dich selbst!&#8221; Lukas 10,27<br \/>\n<\/em><br \/>\n<a href=\"https:\/\/ev-allianz-braunschweig\/wp-content\/uploads\/2016\/09\/Foto-HP.jpg\"><img decoding=\"async\" loading=\"lazy\" class=\"wp-image-959 size-full aligncenter\" src=\"https:\/\/ev-allianz-braunschweig\/wp-content\/uploads\/2016\/09\/Foto-HP.jpg\" alt=\"Foto HP\" width=\"692\" height=\"522\" srcset=\"https:\/\/ev-allianz-braunschweig.de\/wp-content\/uploads\/2016\/09\/Foto-HP.jpg 692w, https:\/\/ev-allianz-braunschweig.de\/wp-content\/uploads\/2016\/09\/Foto-HP-300x226.jpg 300w\" sizes=\"(max-width: 692px) 100vw, 692px\" \/><\/a><\/p>\n<p style=\"text-align: justify;\"><strong><br \/>\nDie<\/strong> <strong>Christliche Schule Braunschweig<\/strong> versteht sich als zukunftsorientierte Schule, die unter dem Motto <strong>&#8220;Mit Freude f\u00fcr\u00b4s Leben lernen&#8221;<\/strong> ein christlich werteorientiertes Fundament legt.<br \/>\nDas Ziel ist es, Kinder bei ihrer Entwicklung zu liebevollen, respektvollen und verantwortungsbewu\u00dfssten Mitgliedern unserer Gesellschaft zu unterst\u00fctzen. Damit \u00fcbernimmt die Schule auch Verantwortung f\u00fcr ihre Stadt und f\u00fcr ihr Land. Denn Kinder gestalten die Welt von morgen.<\/p>\n<p><a href=\"https:\/\/ev-allianz-braunschweig.de\/wp-content\/uploads\/2016\/09\/HP-Foto-4.jpg\"><img decoding=\"async\" loading=\"lazy\" class=\"alignleft wp-image-963 \" src=\"https:\/\/ev-allianz-braunschweig.de\/wp-content\/uploads\/2016\/09\/HP-Foto-4-300x225.jpg\" alt=\"\" width=\"284\" height=\"213\" srcset=\"https:\/\/ev-allianz-braunschweig.de\/wp-content\/uploads\/2016\/09\/HP-Foto-4-300x225.jpg 300w, https:\/\/ev-allianz-braunschweig.de\/wp-content\/uploads\/2016\/09\/HP-Foto-4.jpg 724w\" sizes=\"(max-width: 284px) 100vw, 284px\" \/><\/a><\/p>\n<p><a href=\"https:\/\/ev-allianz-braunschweig.de\/wp-content\/uploads\/2016\/09\/Foto-HP-3.jpg\"><img decoding=\"async\" loading=\"lazy\" class=\"wp-image-969  alignleft\" src=\"https:\/\/ev-allianz-braunschweig.de\/wp-content\/uploads\/2016\/09\/Foto-HP-3-300x225.jpg\" alt=\"\" width=\"287\" height=\"215\" srcset=\"https:\/\/ev-allianz-braunschweig.de\/wp-content\/uploads\/2016\/09\/Foto-HP-3-300x225.jpg 300w, https:\/\/ev-allianz-braunschweig.de\/wp-content\/uploads\/2016\/09\/Foto-HP-3.jpg 724w\" sizes=\"(max-width: 287px) 100vw, 287px\" \/><\/a><\/p>\n<p>&nbsp;<\/p>\n<p>&nbsp;<\/p>\n<p><strong>Weitere Informationen unter: <a href=\"http:\/\/www.christliche-schule-bs.de\"><span style=\"color: #993366;\">www.csbs.de<\/span><\/a><\/strong><\/p>\n","protected":false},"excerpt":{"rendered":"<p>Die Christliche Schule Braunschweig ist aus einer Initiative der Evangelischen Allianz Braunschweig heraus im Jahre 2011 entstanden. Die Schule befindet sich in n\u00f6rdlicher Region von Braunschweig, im Stadtteil Kralenriede. Als staatlich anerkannte Grundschule in freier Tr\u00e4gerschaft finanziert sie sich \u00fcber Schulgeld, staatliche Zusch\u00fcsse und freiwillige Spenden. Als Wertma\u00dfst\u00e4be f\u00fcr die Bildung und Erziehung dienen der [&hellip;]<\/p>\n","protected":false},"author":2,"featured_media":0,"parent":0,"menu_order":0,"comment_status":"closed","ping_status":"closed","template":"","meta":{"ngg_post_thumbnail":0},"_links":{"self":[{"href":"https:\/\/ev-allianz-braunschweig.de\/index.php?rest_route=\/wp\/v2\/pages\/954"}],"collection":[{"href":"https:\/\/ev-allianz-braunschweig.de\/index.php?rest_route=\/wp\/v2\/pages"}],"about":[{"href":"https:\/\/ev-allianz-braunschweig.de\/index.php?rest_route=\/wp\/v2\/types\/page"}],"author":[{"embeddable":true,"href":"https:\/\/ev-allianz-braunschweig.de\/index.php?rest_route=\/wp\/v2\/users\/2"}],"replies":[{"embeddable":true,"href":"https:\/\/ev-allianz-braunschweig.de\/index.php?rest_route=%2Fwp%2Fv2%2Fcomments&post=954"}],"version-history":[{"count":18,"href":"https:\/\/ev-allianz-braunschweig.de\/index.php?rest_route=\/wp\/v2\/pages\/954\/revisions"}],"predecessor-version":[{"id":1696,"href":"https:\/\/ev-allianz-braunschweig.de\/index.php?rest_route=\/wp\/v2\/pages\/954\/revisions\/1696"}],"wp:attachment":[{"href":"https:\/\/ev-allianz-braunschweig.de\/index.php?rest_route=%2Fwp%2Fv2%2Fmedia&parent=954"}],"curies":[{"name":"wp","href":"https:\/\/api.w.org\/{rel}","templated":true}]}}

<p><a href="https://ev-allianz-braunschweig/wp-content/uploads/2016/09/Foto-Homepage-Allianz.jpg"><img decoding="async" loading="lazy" class="wp-image-957 size-full alignleft" src="https://ev-allianz-braunschweig/wp-content/uploads/2016/09/Foto-Homepage-Allianz.jpg" alt="Foto Homepage Allianz" width="988" height="234" srcset="https://ev-allianz-braunschweig.de/wp-content/uploads/2016/09/Foto-Homepage-Allianz.jpg 988w, https://ev-allianz-braunschweig.de/wp-content/uploads/2016/09/Foto-Homepage-Allianz-300x71.jpg 300w, https://ev-allianz-braunschweig.de/wp-content/uploads/2016/09/Foto-Homepage-Allianz-768x182.jpg 768w" sizes="(max-width: 988px) 100vw, 988px" /></a></p>
<p style="text-align: justify;"><strong>Die</strong> <strong>Christliche Schule Braunschweig ist aus einer Initiative der Evangelischen Allianz Braunschweig heraus im Jahre 2011 entstanden.</strong></p>
<p style="text-align: justify;">Die Schule befindet sich in nördlicher Region von Braunschweig, im Stadtteil Kralenriede. Als staatlich anerkannte <strong>Grundschule</strong> in freier Trägerschaft finanziert sie sich über Schulgeld, staatliche Zuschüsse und freiwillige Spenden.<br />
Als Wertmaßstäbe für die Bildung und Erziehung dienen der christliche Glaube und das christliche Welt- und Menschenbild. Kinder werden befähigt, ihr Leben selbständig und in der Verantwortung vor Gott zu führen. Das hat Auswirkungen auf das soziale Handeln, die Wertschätzung einer jeglichen Person und somit auf ein friedvolles Zusammenleben.</p>
<p><em>Darum &#8220;Liebe den Herrn, deinen Gott, von ganzem Herzen, mit ganzem Willen und mit aller deiner Kraft und deinem ganzen Verstand! Und: Liebe deinen Mitmenschen wie dich selbst!&#8221; Lukas 10,27<br />
</em><br />
<a href="https://ev-allianz-braunschweig/wp-content/uploads/2016/09/Foto-HP.jpg"><img decoding="async" loading="lazy" class="wp-image-959 size-full aligncenter" src="https://ev-allianz-braunschweig/wp-content/uploads/2016/09/Foto-HP.jpg" alt="Foto HP" width="692" height="522" srcset="https://ev-allianz-braunschweig.de/wp-content/uploads/2016/09/Foto-HP.jpg 692w, https://ev-allianz-braunschweig.de/wp-content/uploads/2016/09/Foto-HP-300x226.jpg 300w" sizes="(max-width: 692px) 100vw, 692px" /></a></p>
<p style="text-align: justify;"><strong><br />
Die</strong> <strong>Christliche Schule Braunschweig</strong> versteht sich als zukunftsorientierte Schule, die unter dem Motto <strong>&#8220;Mit Freude für´s Leben lernen&#8221;</strong> ein christlich werteorientiertes Fundament legt.<br />
Das Ziel ist es, Kinder bei ihrer Entwicklung zu liebevollen, respektvollen und verantwortungsbewußssten Mitgliedern unserer Gesellschaft zu unterstützen. Damit übernimmt die Schule auch Verantwortung für ihre Stadt und für ihr Land. Denn Kinder gestalten die Welt von morgen.</p>
<p><a href="https://ev-allianz-braunschweig.de/wp-content/uploads/2016/09/HP-Foto-4.jpg"><img decoding="async" loading="lazy" class="alignleft wp-image-963 " src="https://ev-allianz-braunschweig.de/wp-content/uploads/2016/09/HP-Foto-4-300x225.jpg" alt="" width="284" height="213" srcset="https://ev-allianz-braunschweig.de/wp-content/uploads/2016/09/HP-Foto-4-300x225.jpg 300w, https://ev-allianz-braunschweig.de/wp-content/uploads/2016/09/HP-Foto-4.jpg 724w" sizes="(max-width: 284px) 100vw, 284px" /></a></p>
<p><a href="https://ev-allianz-braunschweig.de/wp-content/uploads/2016/09/Foto-HP-3.jpg"><img decoding="async" loading="lazy" class="wp-image-969  alignleft" src="https://ev-allianz-braunschweig.de/wp-content/uploads/2016/09/Foto-HP-3-300x225.jpg" alt="" width="287" height="215" srcset="https://ev-allianz-braunschweig.de/wp-content/uploads/2016/09/Foto-HP-3-300x225.jpg 300w, https://ev-allianz-braunschweig.de/wp-content/uploads/2016/09/Foto-HP-3.jpg 724w" sizes="(max-width: 287px) 100vw, 287px" /></a></p>
<p>&nbsp;</p>
<p>&nbsp;</p>
<p><strong>Weitere Informationen unter: <a href="http://www.christliche-schule-bs.de"><span style="color: #993366;">www.csbs.de</span></a></strong></p>

<p>Die Christliche Schule Braunschweig ist aus einer Initiative der Evangelischen Allianz Braunschweig heraus im Jahre 2011 entstanden. Die Schule befindet sich in nördlicher Region von Braunschweig, im Stadtteil Kralenriede. Als staatlich anerkannte Grundschule in freier Trägerschaft finanziert sie sich über Schulgeld, staatliche Zuschüsse und freiwillige Spenden. Als Wertmaßstäbe für die Bildung und Erziehung dienen der [&hellip;]</p>
