{"id":869,"date":"2021-01-20T19:08:39","date_gmt":"2021-01-20T18:08:39","guid":{"rendered":"https:\/\/ev-allianz-braunschweig\/?page_id=869"},"modified":"2026-04-20T09:24:07","modified_gmt":"2026-04-20T07:24:07","slug":"seminare-glaubenskurse","status":"publish","type":"page","link":"https:\/\/ev-allianz-braunschweig.de\/?page_id=869","title":{"rendered":"Stellenausschreibungen"},"content":{"rendered":"\n<p><strong><br>Aktuelle <span style=\"color: #000000;\">Stellenausschreibungen:<\/span><\/strong><\/p>\n\n\n\n<p><a href=\"https:\/\/www.christliche-jobboerse.de\/stellenangebote\/koch-koechin-m-w-d-moderne-kueche-mit-herz-fuer-die-stadt\/\">BS Friedenskirche sucht Koch\/K\u00f6chin f\u00fcr moderne K\u00fcche mit Herz f\u00fcr die Stadt<\/a><\/p>\n\n\n\n<p><\/p>\n\n\n\n<p><\/p>\n\n\n\n<div class=\"wp-block-columns is-layout-flex wp-container-2\">\n<div class=\"wp-block-column is-layout-flow\" style=\"flex-basis:100%\"><\/div>\n<\/div>\n","protected":false},"excerpt":{"rendered":"<p>Aktuelle Stellenausschreibungen: BS Friedenskirche sucht Koch\/K\u00f6chin f\u00fcr moderne K\u00fcche mit Herz f\u00fcr die Stadt<\/p>\n","protected":false},"author":2,"featured_media":147,"parent":0,"menu_order":0,"comment_status":"closed","ping_status":"closed","template":"","meta":{"ngg_post_thumbnail":0},"_links":{"self":[{"href":"https:\/\/ev-allianz-braunschweig.de\/index.php?rest_route=\/wp\/v2\/pages\/869"}],"collection":[{"href":"https:\/\/ev-allianz-braunschweig.de\/index.php?rest_route=\/wp\/v2\/pages"}],"about":[{"href":"https:\/\/ev-allianz-braunschweig.de\/index.php?rest_route=\/wp\/v2\/types\/page"}],"author":[{"embeddable":true,"href":"https:\/\/ev-allianz-braunschweig.de\/index.php?rest_route=\/wp\/v2\/users\/2"}],"replies":[{"embeddable":true,"href":"https:\/\/ev-allianz-braunschweig.de\/index.php?rest_route=%2Fwp%2Fv2%2Fcomments&post=869"}],"version-history":[{"count":253,"href":"https:\/\/ev-allianz-braunschweig.de\/index.php?rest_route=\/wp\/v2\/pages\/869\/revisions"}],"predecessor-version":[{"id":6202,"href":"https:\/\/ev-allianz-braunschweig.de\/index.php?rest_route=\/wp\/v2\/pages\/869\/revisions\/6202"}],"wp:featuredmedia":[{"embeddable":true,"href":"https:\/\/ev-allianz-braunschweig.de\/index.php?rest_route=\/wp\/v2\/media\/147"}],"wp:attachment":[{"href":"https:\/\/ev-allianz-braunschweig.de\/index.php?rest_route=%2Fwp%2Fv2%2Fmedia&parent=869"}],"curies":[{"name":"wp","href":"https:\/\/api.w.org\/{rel}","templated":true}]}}

<p><strong><br>Aktuelle <span style="color: #000000;">Stellenausschreibungen:</span></strong></p>



<p><a href="https://www.christliche-jobboerse.de/stellenangebote/koch-koechin-m-w-d-moderne-kueche-mit-herz-fuer-die-stadt/">BS Friedenskirche sucht Koch/Köchin für moderne Küche mit Herz für die Stadt</a></p>



<p></p>



<p></p>



<div class="wp-block-columns is-layout-flex wp-container-2">
<div class="wp-block-column is-layout-flow" style="flex-basis:100%"></div>
</div>

<p>Aktuelle Stellenausschreibungen: BS Friedenskirche sucht Koch/Köchin für moderne Küche mit Herz für die Stadt</p>
