{"id":5735,"date":"2025-03-27T15:06:35","date_gmt":"2025-03-27T14:06:35","guid":{"rendered":"https:\/\/ev-allianz-braunschweig.de\/?page_id=5735"},"modified":"2025-09-01T14:19:30","modified_gmt":"2025-09-01T12:19:30","slug":"geheimnis-von-ostern","status":"publish","type":"page","link":"https:\/\/ev-allianz-braunschweig.de\/?page_id=5735","title":{"rendered":"Geheimnis von Ostern"},"content":{"rendered":"\n<p>Erleben. F\u00fchlen. Verstehen.<\/p>\n\n\n\n<p><strong>Die gr\u00f6\u00dfte Geschichte aller Zeiten wurde 2024 in Braunschweig mit allen Sinnen erlebbar!<\/strong><\/p>\n\n\n\n<p>Eine packende <strong>F\u00fchrung<\/strong> nahm uns mit auf eine Reise in die Zeit vor 2000 Jahren, zu dem Beginn unserer Zeitrechnung. Wir erfuhren in realistisch nachgebauten Stationen, was in der Ostergeschichte wirklich passiert ist! <strong>\u00dcber 5000 Besucher haben die Ausstellung erlebt.<\/strong><\/p>\n\n\n\n<p>Wir stellten uns die Fragen: <br>Warum feiern wir heute \u00fcberhaupt Ostern?<br>Wer ist die Hauptfigur Jesus von Nazareth?<br>Warum musste er sterben? <br>Ist er wirklich auferstanden?<\/p>\n\n\n\n<p>Wir begaben uns mit in die Zeit von <strong>Jesus <\/strong>aus Nazareth und entdeckten das <strong>Geheimnis von Ostern<\/strong>: Die Geschichte des Menschen, der die Welt wie kein anderer beeinflusst hat. Der Startpunkt unserer Zeitrechnung, der <strong>Dreh- und Angelpunkt der Weltgeschichte<\/strong>. Spektakul\u00e4r, geheimnisvoll und brisant.<br>Wir begaben uns mit in die Zeit von <strong>Jesus <\/strong>aus Nazareth und entdeckten das <strong>Geheimnis von Ostern<\/strong>: Die Geschichte des Menschen, der die Welt wie kein anderer beeinflusst hat. Der Startpunkt unserer Zeitrechnung, der <strong>Dreh- und Angelpunkt der Weltgeschichte<\/strong>. Spektakul\u00e4r, geheimnisvoll und brisant.<\/p>\n\n\n\n<p class=\"has-luminous-dusk-gradient-background has-background\"><strong>DIE DOKUMENTATION &#8220;DAS GEHEIMNIS VON OSTERN&#8221;:<\/strong><\/p>\n\n\n\n<p class=\"has-luminous-dusk-gradient-background has-background\"><strong><a href=\"https:\/\/www.youtube.com\/watch?v=xJOF6kHc_oo\" data-type=\"URL\" data-id=\"https:\/\/www.youtube.com\/watch?v=xJOF6kHc_oo\">https:\/\/www.youtube.com\/watch?v=xJOF6kHc_oo<\/a><\/strong><\/p>\n\n\n\nngg_shortcode_0_placeholder\n\n\n\n<figure class=\"wp-block-image size-full\"><a href=\"https:\/\/ev-allianz-braunschweig.de\/wp-content\/uploads\/2025\/03\/BZ_Artikel.jpg\"><img decoding=\"async\" loading=\"lazy\" width=\"816\" height=\"828\" src=\"https:\/\/ev-allianz-braunschweig.de\/wp-content\/uploads\/2025\/03\/BZ_Artikel.jpg\" alt=\"\" class=\"wp-image-5774\" srcset=\"https:\/\/ev-allianz-braunschweig.de\/wp-content\/uploads\/2025\/03\/BZ_Artikel.jpg 816w, https:\/\/ev-allianz-braunschweig.de\/wp-content\/uploads\/2025\/03\/BZ_Artikel-296x300.jpg 296w, https:\/\/ev-allianz-braunschweig.de\/wp-content\/uploads\/2025\/03\/BZ_Artikel-768x779.jpg 768w, https:\/\/ev-allianz-braunschweig.de\/wp-content\/uploads\/2025\/03\/BZ_Artikel-50x50.jpg 50w, https:\/\/ev-allianz-braunschweig.de\/wp-content\/uploads\/2025\/03\/BZ_Artikel-80x80.jpg 80w\" sizes=\"(max-width: 816px) 100vw, 816px\" \/><\/a><\/figure>\n\n\n\n<figure class=\"wp-block-image size-full\"><a href=\"https:\/\/ev-allianz-braunschweig.de\/wp-content\/uploads\/2025\/03\/IDEA-Bericht.png\"><img decoding=\"async\" loading=\"lazy\" width=\"982\" height=\"523\" src=\"https:\/\/ev-allianz-braunschweig.de\/wp-content\/uploads\/2025\/03\/IDEA-Bericht.png\" alt=\"\" class=\"wp-image-5775\" srcset=\"https:\/\/ev-allianz-braunschweig.de\/wp-content\/uploads\/2025\/03\/IDEA-Bericht.png 982w, https:\/\/ev-allianz-braunschweig.de\/wp-content\/uploads\/2025\/03\/IDEA-Bericht-300x160.png 300w, https:\/\/ev-allianz-braunschweig.de\/wp-content\/uploads\/2025\/03\/IDEA-Bericht-768x409.png 768w\" sizes=\"(max-width: 982px) 100vw, 982px\" \/><\/a><\/figure>\n\n\n\n<p>H\u00f6rfunkbeitrag NDR &#8211; Osterausstellung:<\/p>\n\n\n\n<figure class=\"wp-block-audio\"><audio controls src=\"https:\/\/ev-allianz-braunschweig.de\/wp-content\/uploads\/2025\/03\/Hoerfunkbeitrag-NDR-Osterausstellung.mp3\"><\/audio><\/figure>\n\n\n\n<div class=\"wp-block-file\"><object class=\"wp-block-file__embed\" data=\"https:\/\/ev-allianz-braunschweig.de\/wp-content\/uploads\/2025\/03\/NB_2024_03_09_Geheimnis-von-Ostern.pdf\" type=\"application\/pdf\" style=\"width:100%;height:600px\" aria-label=\"Einbettung von NB_2024_03_09_Geheimnis-von-Ostern.\"><\/object><a id=\"wp-block-file--media-35bdddb7-a219-412c-985a-d6a489a4c35b\" href=\"https:\/\/ev-allianz-braunschweig.de\/wp-content\/uploads\/2025\/03\/NB_2024_03_09_Geheimnis-von-Ostern.pdf\">NB_2024_03_09_Geheimnis-von-Ostern<\/a><a href=\"https:\/\/ev-allianz-braunschweig.de\/wp-content\/uploads\/2025\/03\/NB_2024_03_09_Geheimnis-von-Ostern.pdf\" class=\"wp-block-file__button wp-element-button\" download aria-describedby=\"wp-block-file--media-35bdddb7-a219-412c-985a-d6a489a4c35b\">Herunterladen<\/a><\/div>\n\n\n\n<p><\/p>\n\n\n\n<h2 class=\"wp-block-heading\"><strong>Beitrag beim NDR<\/strong><\/h2>\n\n\n\n<p>&#8220;Das Geheimnis von Ostern&#8221;: Neue Ausstellung in Braunschweig <a rel=\"noreferrer noopener\" href=\"https:\/\/www.ndr.de\/fernsehen\/sendungen\/hallo_niedersachsen\/Das-Geheimnis-von-Ostern-Neue-Ausstellung-in-Braunschweig,hallonds86246.html\" target=\"_blank\">https:\/\/www.ndr.de\/fernsehen\/sendungen\/hallo_niedersachsen\/Das-Geheimnis-von-Ostern-Neue-Ausstellung-in-Braunschweig,hallonds86246.html<\/a><\/p>\n","protected":false},"excerpt":{"rendered":"<p>Erleben. F\u00fchlen. Verstehen. Die gr\u00f6\u00dfte Geschichte aller Zeiten wurde 2024 in Braunschweig mit allen Sinnen erlebbar! Eine packende F\u00fchrung nahm uns mit auf eine Reise in die Zeit vor 2000 Jahren, zu dem Beginn unserer Zeitrechnung. Wir erfuhren in realistisch nachgebauten Stationen, was in der Ostergeschichte wirklich passiert ist! \u00dcber 5000 Besucher haben die Ausstellung [&hellip;]<\/p>\n","protected":false},"author":4,"featured_media":0,"parent":0,"menu_order":0,"comment_status":"closed","ping_status":"closed","template":"","meta":{"ngg_post_thumbnail":0},"_links":{"self":[{"href":"https:\/\/ev-allianz-braunschweig.de\/index.php?rest_route=\/wp\/v2\/pages\/5735"}],"collection":[{"href":"https:\/\/ev-allianz-braunschweig.de\/index.php?rest_route=\/wp\/v2\/pages"}],"about":[{"href":"https:\/\/ev-allianz-braunschweig.de\/index.php?rest_route=\/wp\/v2\/types\/page"}],"author":[{"embeddable":true,"href":"https:\/\/ev-allianz-braunschweig.de\/index.php?rest_route=\/wp\/v2\/users\/4"}],"replies":[{"embeddable":true,"href":"https:\/\/ev-allianz-braunschweig.de\/index.php?rest_route=%2Fwp%2Fv2%2Fcomments&post=5735"}],"version-history":[{"count":15,"href":"https:\/\/ev-allianz-braunschweig.de\/index.php?rest_route=\/wp\/v2\/pages\/5735\/revisions"}],"predecessor-version":[{"id":5990,"href":"https:\/\/ev-allianz-braunschweig.de\/index.php?rest_route=\/wp\/v2\/pages\/5735\/revisions\/5990"}],"wp:attachment":[{"href":"https:\/\/ev-allianz-braunschweig.de\/index.php?rest_route=%2Fwp%2Fv2%2Fmedia&parent=5735"}],"curies":[{"name":"wp","href":"https:\/\/api.w.org\/{rel}","templated":true}]}}

<p>Erleben. Fühlen. Verstehen.</p>



<p><strong>Die größte Geschichte aller Zeiten wurde 2024 in Braunschweig mit allen Sinnen erlebbar!</strong></p>



<p>Eine packende <strong>Führung</strong> nahm uns mit auf eine Reise in die Zeit vor 2000 Jahren, zu dem Beginn unserer Zeitrechnung. Wir erfuhren in realistisch nachgebauten Stationen, was in der Ostergeschichte wirklich passiert ist! <strong>Über 5000 Besucher haben die Ausstellung erlebt.</strong></p>



<p>Wir stellten uns die Fragen: <br>Warum feiern wir heute überhaupt Ostern?<br>Wer ist die Hauptfigur Jesus von Nazareth?<br>Warum musste er sterben? <br>Ist er wirklich auferstanden?</p>



<p>Wir begaben uns mit in die Zeit von <strong>Jesus </strong>aus Nazareth und entdeckten das <strong>Geheimnis von Ostern</strong>: Die Geschichte des Menschen, der die Welt wie kein anderer beeinflusst hat. Der Startpunkt unserer Zeitrechnung, der <strong>Dreh- und Angelpunkt der Weltgeschichte</strong>. Spektakulär, geheimnisvoll und brisant.<br>Wir begaben uns mit in die Zeit von <strong>Jesus </strong>aus Nazareth und entdeckten das <strong>Geheimnis von Ostern</strong>: Die Geschichte des Menschen, der die Welt wie kein anderer beeinflusst hat. Der Startpunkt unserer Zeitrechnung, der <strong>Dreh- und Angelpunkt der Weltgeschichte</strong>. Spektakulär, geheimnisvoll und brisant.</p>



<p class="has-luminous-dusk-gradient-background has-background"><strong>DIE DOKUMENTATION &#8220;DAS GEHEIMNIS VON OSTERN&#8221;:</strong></p>



<p class="has-luminous-dusk-gradient-background has-background"><strong><a href="https://www.youtube.com/watch?v=xJOF6kHc_oo" data-type="URL" data-id="https://www.youtube.com/watch?v=xJOF6kHc_oo">https://www.youtube.com/watch?v=xJOF6kHc_oo</a></strong></p>



ngg_shortcode_0_placeholder



<figure class="wp-block-image size-full"><a href="https://ev-allianz-braunschweig.de/wp-content/uploads/2025/03/BZ_Artikel.jpg"><img decoding="async" loading="lazy" width="816" height="828" src="https://ev-allianz-braunschweig.de/wp-content/uploads/2025/03/BZ_Artikel.jpg" alt="" class="wp-image-5774" srcset="https://ev-allianz-braunschweig.de/wp-content/uploads/2025/03/BZ_Artikel.jpg 816w, https://ev-allianz-braunschweig.de/wp-content/uploads/2025/03/BZ_Artikel-296x300.jpg 296w, https://ev-allianz-braunschweig.de/wp-content/uploads/2025/03/BZ_Artikel-768x779.jpg 768w, https://ev-allianz-braunschweig.de/wp-content/uploads/2025/03/BZ_Artikel-50x50.jpg 50w, https://ev-allianz-braunschweig.de/wp-content/uploads/2025/03/BZ_Artikel-80x80.jpg 80w" sizes="(max-width: 816px) 100vw, 816px" /></a></figure>



<figure class="wp-block-image size-full"><a href="https://ev-allianz-braunschweig.de/wp-content/uploads/2025/03/IDEA-Bericht.png"><img decoding="async" loading="lazy" width="982" height="523" src="https://ev-allianz-braunschweig.de/wp-content/uploads/2025/03/IDEA-Bericht.png" alt="" class="wp-image-5775" srcset="https://ev-allianz-braunschweig.de/wp-content/uploads/2025/03/IDEA-Bericht.png 982w, https://ev-allianz-braunschweig.de/wp-content/uploads/2025/03/IDEA-Bericht-300x160.png 300w, https://ev-allianz-braunschweig.de/wp-content/uploads/2025/03/IDEA-Bericht-768x409.png 768w" sizes="(max-width: 982px) 100vw, 982px" /></a></figure>



<p>Hörfunkbeitrag NDR &#8211; Osterausstellung:</p>



<figure class="wp-block-audio"><audio controls src="https://ev-allianz-braunschweig.de/wp-content/uploads/2025/03/Hoerfunkbeitrag-NDR-Osterausstellung.mp3"></audio></figure>



<div class="wp-block-file"><object class="wp-block-file__embed" data="https://ev-allianz-braunschweig.de/wp-content/uploads/2025/03/NB_2024_03_09_Geheimnis-von-Ostern.pdf" type="application/pdf" style="width:100%;height:600px" aria-label="Einbettung von NB_2024_03_09_Geheimnis-von-Ostern."></object><a id="wp-block-file--media-35bdddb7-a219-412c-985a-d6a489a4c35b" href="https://ev-allianz-braunschweig.de/wp-content/uploads/2025/03/NB_2024_03_09_Geheimnis-von-Ostern.pdf">NB_2024_03_09_Geheimnis-von-Ostern</a><a href="https://ev-allianz-braunschweig.de/wp-content/uploads/2025/03/NB_2024_03_09_Geheimnis-von-Ostern.pdf" class="wp-block-file__button wp-element-button" download aria-describedby="wp-block-file--media-35bdddb7-a219-412c-985a-d6a489a4c35b">Herunterladen</a></div>



<p></p>



<h2 class="wp-block-heading"><strong>Beitrag beim NDR</strong></h2>



<p>&#8220;Das Geheimnis von Ostern&#8221;: Neue Ausstellung in Braunschweig <a rel="noreferrer noopener" href="https://www.ndr.de/fernsehen/sendungen/hallo_niedersachsen/Das-Geheimnis-von-Ostern-Neue-Ausstellung-in-Braunschweig,hallonds86246.html" target="_blank">https://www.ndr.de/fernsehen/sendungen/hallo_niedersachsen/Das-Geheimnis-von-Ostern-Neue-Ausstellung-in-Braunschweig,hallonds86246.html</a></p>

<p>Erleben. Fühlen. Verstehen. Die größte Geschichte aller Zeiten wurde 2024 in Braunschweig mit allen Sinnen erlebbar! Eine packende Führung nahm uns mit auf eine Reise in die Zeit vor 2000 Jahren, zu dem Beginn unserer Zeitrechnung. Wir erfuhren in realistisch nachgebauten Stationen, was in der Ostergeschichte wirklich passiert ist! Über 5000 Besucher haben die Ausstellung [&hellip;]</p>
