{"id":1414,"date":"2017-05-23T12:30:54","date_gmt":"2017-05-23T10:30:54","guid":{"rendered":"https:\/\/ev-allianz-braunschweig\/?page_id=1414"},"modified":"2017-12-06T19:27:46","modified_gmt":"2017-12-06T18:27:46","slug":"cvw-christen-bei-volkswagen","status":"publish","type":"page","link":"https:\/\/ev-allianz-braunschweig.de\/?page_id=1414","title":{"rendered":"CVW Christen bei Volkswagen"},"content":{"rendered":"<p style=\"text-align: left;\"><strong>CVW ist ein \u00fcberkonfessionelles Netzwerk von Christen bei Volkswagen, die aus \u00dcberzeugung mit h\u00f6chstem Einsatz f\u00fcr Volkswagen arbeiten. Wir w\u00fcnschen uns, dass christliche Grundwerte im pers\u00f6nlichen Arbeitsleben innerhalb des Unternehmens und <\/strong><strong>in der sozialen Verantwortung au\u00dferhalb des Unternehmens sichtbar werden. <\/strong><strong>CVW will ausdr\u00fccklich keine Alternative zur Gemeindearbeit sein und ist unpolitisch. Wir wollen unseren christlichen Werten im Arbeitsleben Ausdruck verleihen. CVW ist eingebunden in das CAI-Netzwerk (Christen in der Automobilindustrie).<\/strong><\/p>\n<h5 style=\"text-align: left;\"><strong><a href=\"https:\/\/c-a-i.info\/\"><span style=\"color: #993366;\">Homepage<\/span><\/a>\u00a0\u00a0\u00a0\u00a0\u00a0\u00a0\u00a0\u00a0\u00a0\u00a0\u00a0\u00a0\u00a0\u00a0\u00a0\u00a0\u00a0\u00a0\u00a0\u00a0\u00a0 <span style=\"color: #993366;\"><a href=\"https:\/\/ev-allianz-braunschweig.de\/wp-content\/uploads\/2017\/05\/cvw_flyer_web.pdf\"><span style=\"color: #993366;\">CVW &#8211; Flyer<\/span><\/a><\/span><\/strong><\/h5>\n<p>&nbsp;<\/p>\n<p><a href=\"https:\/\/ev-allianz-braunschweig\/wp-content\/uploads\/2017\/05\/Christen-bei-VW-gro\u00df.png\"><img decoding=\"async\" loading=\"lazy\" class=\"wp-image-1399 size-full alignleft\" src=\"https:\/\/ev-allianz-braunschweig\/wp-content\/uploads\/2017\/05\/Christen-bei-VW-gro\u00df.png\" alt=\"\" width=\"460\" height=\"908\" srcset=\"https:\/\/ev-allianz-braunschweig.de\/wp-content\/uploads\/2017\/05\/Christen-bei-VW-gro\u00df.png 460w, https:\/\/ev-allianz-braunschweig.de\/wp-content\/uploads\/2017\/05\/Christen-bei-VW-gro\u00df-152x300.png 152w\" sizes=\"(max-width: 460px) 100vw, 460px\" \/><\/a><\/p>\n","protected":false},"excerpt":{"rendered":"<p>CVW ist ein \u00fcberkonfessionelles Netzwerk von Christen bei Volkswagen, die aus \u00dcberzeugung mit h\u00f6chstem Einsatz f\u00fcr Volkswagen arbeiten. Wir w\u00fcnschen uns, dass christliche Grundwerte im pers\u00f6nlichen Arbeitsleben innerhalb des Unternehmens und in der sozialen Verantwortung au\u00dferhalb des Unternehmens sichtbar werden. CVW will ausdr\u00fccklich keine Alternative zur Gemeindearbeit sein und ist unpolitisch. Wir wollen unseren christlichen [&hellip;]<\/p>\n","protected":false},"author":2,"featured_media":1397,"parent":0,"menu_order":0,"comment_status":"closed","ping_status":"closed","template":"","meta":{"ngg_post_thumbnail":0},"_links":{"self":[{"href":"https:\/\/ev-allianz-braunschweig.de\/index.php?rest_route=\/wp\/v2\/pages\/1414"}],"collection":[{"href":"https:\/\/ev-allianz-braunschweig.de\/index.php?rest_route=\/wp\/v2\/pages"}],"about":[{"href":"https:\/\/ev-allianz-braunschweig.de\/index.php?rest_route=\/wp\/v2\/types\/page"}],"author":[{"embeddable":true,"href":"https:\/\/ev-allianz-braunschweig.de\/index.php?rest_route=\/wp\/v2\/users\/2"}],"replies":[{"embeddable":true,"href":"https:\/\/ev-allianz-braunschweig.de\/index.php?rest_route=%2Fwp%2Fv2%2Fcomments&post=1414"}],"version-history":[{"count":5,"href":"https:\/\/ev-allianz-braunschweig.de\/index.php?rest_route=\/wp\/v2\/pages\/1414\/revisions"}],"predecessor-version":[{"id":1698,"href":"https:\/\/ev-allianz-braunschweig.de\/index.php?rest_route=\/wp\/v2\/pages\/1414\/revisions\/1698"}],"wp:featuredmedia":[{"embeddable":true,"href":"https:\/\/ev-allianz-braunschweig.de\/index.php?rest_route=\/wp\/v2\/media\/1397"}],"wp:attachment":[{"href":"https:\/\/ev-allianz-braunschweig.de\/index.php?rest_route=%2Fwp%2Fv2%2Fmedia&parent=1414"}],"curies":[{"name":"wp","href":"https:\/\/api.w.org\/{rel}","templated":true}]}}