{"id":1251,"date":"2017-01-16T14:25:56","date_gmt":"2017-01-16T13:25:56","guid":{"rendered":"https:\/\/ev-allianz-braunschweig\/?page_id=1251"},"modified":"2024-07-08T11:43:02","modified_gmt":"2024-07-08T09:43:02","slug":"hoffnungsschimmer","status":"publish","type":"page","link":"https:\/\/ev-allianz-braunschweig.de\/?page_id=1251","title":{"rendered":"Gott in Braunschweig"},"content":{"rendered":"<div class=\"entry-content article\" style=\"text-align: center;\">\n<h6><a href=\"https:\/\/ev-allianz-braunschweig.de\/wp-content\/uploads\/2018\/09\/Logo-GottinBS.jpg\"><img decoding=\"async\" loading=\"lazy\" class=\"wp-image-2152 size-medium img-responsive aligncenter\" src=\"https:\/\/ev-allianz-braunschweig.de\/wp-content\/uploads\/2018\/09\/Logo-GottinBS-300x131.jpg\" sizes=\"(max-width: 300px) 100vw, 300px\" srcset=\"https:\/\/ev-allianz-braunschweig.de\/wp-content\/uploads\/2018\/09\/Logo-GottinBS-300x131.jpg 300w, https:\/\/ev-allianz-braunschweig.de\/wp-content\/uploads\/2018\/09\/Logo-GottinBS-768x335.jpg 768w, https:\/\/ev-allianz-braunschweig.de\/wp-content\/uploads\/2018\/09\/Logo-GottinBS.jpg 796w\" alt=\"\" width=\"300\" height=\"131\" \/><\/a><!--more--><\/h6>\n<h6><\/h6>\n<h6><a href=\"http:\/\/www.gottinbraunschweig.de\"><strong><span style=\"color: #993366;\">www.gottinbraunschweig.de<\/span><\/strong><\/a><\/h6>\n<div class=\"entry-content article\"><\/div>\n<p style=\"text-align: left;\"><strong><em>So habe ich Grund, mich \u00fcber alles zu freuen, was Christus Jesus durch mich in meinem Dienst f\u00fcr Gott getan hat. <\/em><\/strong><strong><em>Ich w\u00fcrde es nicht wagen, auf etwas anderes stolz zu sein als auf Christus, der die anderen V\u00f6lker durch mein Reden und Tun zu Gott gef\u00fchrt hat. Ich habe sie gewonnen durch die Wunder, die als Zeichen Gottes durch mich geschahen und durch die Kraft des Heiligen Geistes. Auf diese Weise habe ich die Botschaft von Christus \u00fcberall verbreitet!<br \/>\nR\u00f6mer 15, 17 \u2013 19<\/em><\/strong><\/p>\n<\/div>\n<p><a href=\"https:\/\/ev-allianz-braunschweig.de\/wp-content\/uploads\/2019\/08\/Glaube-der-dich-tr\u00e4gt.png\"><img decoding=\"async\" loading=\"lazy\" class=\"alignleft size-full wp-image-2633\" src=\"https:\/\/ev-allianz-braunschweig.de\/wp-content\/uploads\/2019\/08\/Glaube-der-dich-tr\u00e4gt.png\" alt=\"\" width=\"1215\" height=\"603\" srcset=\"https:\/\/ev-allianz-braunschweig.de\/wp-content\/uploads\/2019\/08\/Glaube-der-dich-tr\u00e4gt.png 1215w, https:\/\/ev-allianz-braunschweig.de\/wp-content\/uploads\/2019\/08\/Glaube-der-dich-tr\u00e4gt-300x149.png 300w, https:\/\/ev-allianz-braunschweig.de\/wp-content\/uploads\/2019\/08\/Glaube-der-dich-tr\u00e4gt-768x381.png 768w, https:\/\/ev-allianz-braunschweig.de\/wp-content\/uploads\/2019\/08\/Glaube-der-dich-tr\u00e4gt-1024x508.png 1024w\" sizes=\"(max-width: 1215px) 100vw, 1215px\" \/><\/a><\/p>\n<p><a href=\"https:\/\/ev-allianz-braunschweig.de\/wp-content\/uploads\/2019\/08\/Liebe-die-dich-\u00fcberw\u00e4ltigt.png\"><img decoding=\"async\" loading=\"lazy\" class=\"alignleft size-full wp-image-2636\" src=\"https:\/\/ev-allianz-braunschweig.de\/wp-content\/uploads\/2019\/08\/Liebe-die-dich-\u00fcberw\u00e4ltigt.png\" alt=\"\" width=\"1090\" height=\"503\" srcset=\"https:\/\/ev-allianz-braunschweig.de\/wp-content\/uploads\/2019\/08\/Liebe-die-dich-\u00fcberw\u00e4ltigt.png 1090w, https:\/\/ev-allianz-braunschweig.de\/wp-content\/uploads\/2019\/08\/Liebe-die-dich-\u00fcberw\u00e4ltigt-300x138.png 300w, https:\/\/ev-allianz-braunschweig.de\/wp-content\/uploads\/2019\/08\/Liebe-die-dich-\u00fcberw\u00e4ltigt-768x354.png 768w, https:\/\/ev-allianz-braunschweig.de\/wp-content\/uploads\/2019\/08\/Liebe-die-dich-\u00fcberw\u00e4ltigt-1024x473.png 1024w\" sizes=\"(max-width: 1090px) 100vw, 1090px\" \/><\/a><\/p>\n<p><a href=\"https:\/\/ev-allianz-braunschweig.de\/wp-content\/uploads\/2019\/08\/Hoffnung-f\u00fcr-dich.png\"><img decoding=\"async\" loading=\"lazy\" class=\"alignleft size-full wp-image-2634\" src=\"https:\/\/ev-allianz-braunschweig.de\/wp-content\/uploads\/2019\/08\/Hoffnung-f\u00fcr-dich.png\" alt=\"\" width=\"1213\" height=\"579\" srcset=\"https:\/\/ev-allianz-braunschweig.de\/wp-content\/uploads\/2019\/08\/Hoffnung-f\u00fcr-dich.png 1213w, https:\/\/ev-allianz-braunschweig.de\/wp-content\/uploads\/2019\/08\/Hoffnung-f\u00fcr-dich-300x143.png 300w, https:\/\/ev-allianz-braunschweig.de\/wp-content\/uploads\/2019\/08\/Hoffnung-f\u00fcr-dich-768x367.png 768w, https:\/\/ev-allianz-braunschweig.de\/wp-content\/uploads\/2019\/08\/Hoffnung-f\u00fcr-dich-1024x489.png 1024w\" sizes=\"(max-width: 1213px) 100vw, 1213px\" \/><\/a><\/p>\n<p><a href=\"https:\/\/ev-allianz-braunschweig.de\/wp-content\/uploads\/2019\/08\/Jesus-und-DU.png\"><img decoding=\"async\" loading=\"lazy\" class=\"alignleft size-full wp-image-2635\" src=\"https:\/\/ev-allianz-braunschweig.de\/wp-content\/uploads\/2019\/08\/Jesus-und-DU.png\" alt=\"\" width=\"1202\" height=\"559\" srcset=\"https:\/\/ev-allianz-braunschweig.de\/wp-content\/uploads\/2019\/08\/Jesus-und-DU.png 1202w, https:\/\/ev-allianz-braunschweig.de\/wp-content\/uploads\/2019\/08\/Jesus-und-DU-300x140.png 300w, https:\/\/ev-allianz-braunschweig.de\/wp-content\/uploads\/2019\/08\/Jesus-und-DU-768x357.png 768w, https:\/\/ev-allianz-braunschweig.de\/wp-content\/uploads\/2019\/08\/Jesus-und-DU-1024x476.png 1024w\" sizes=\"(max-width: 1202px) 100vw, 1202px\" \/><\/a><\/p>\n","protected":false},"excerpt":{"rendered":"","protected":false},"author":2,"featured_media":3187,"parent":0,"menu_order":0,"comment_status":"closed","ping_status":"closed","template":"","meta":{"ngg_post_thumbnail":0},"_links":{"self":[{"href":"https:\/\/ev-allianz-braunschweig.de\/index.php?rest_route=\/wp\/v2\/pages\/1251"}],"collection":[{"href":"https:\/\/ev-allianz-braunschweig.de\/index.php?rest_route=\/wp\/v2\/pages"}],"about":[{"href":"https:\/\/ev-allianz-braunschweig.de\/index.php?rest_route=\/wp\/v2\/types\/page"}],"author":[{"embeddable":true,"href":"https:\/\/ev-allianz-braunschweig.de\/index.php?rest_route=\/wp\/v2\/users\/2"}],"replies":[{"embeddable":true,"href":"https:\/\/ev-allianz-braunschweig.de\/index.php?rest_route=%2Fwp%2Fv2%2Fcomments&post=1251"}],"version-history":[{"count":169,"href":"https:\/\/ev-allianz-braunschweig.de\/index.php?rest_route=\/wp\/v2\/pages\/1251\/revisions"}],"predecessor-version":[{"id":5477,"href":"https:\/\/ev-allianz-braunschweig.de\/index.php?rest_route=\/wp\/v2\/pages\/1251\/revisions\/5477"}],"wp:featuredmedia":[{"embeddable":true,"href":"https:\/\/ev-allianz-braunschweig.de\/index.php?rest_route=\/wp\/v2\/media\/3187"}],"wp:attachment":[{"href":"https:\/\/ev-allianz-braunschweig.de\/index.php?rest_route=%2Fwp%2Fv2%2Fmedia&parent=1251"}],"curies":[{"name":"wp","href":"https:\/\/api.w.org\/{rel}","templated":true}]}}

<div class="entry-content article" style="text-align: center;">
<h6><a href="https://ev-allianz-braunschweig.de/wp-content/uploads/2018/09/Logo-GottinBS.jpg"><img decoding="async" loading="lazy" class="wp-image-2152 size-medium img-responsive aligncenter" src="https://ev-allianz-braunschweig.de/wp-content/uploads/2018/09/Logo-GottinBS-300x131.jpg" sizes="(max-width: 300px) 100vw, 300px" srcset="https://ev-allianz-braunschweig.de/wp-content/uploads/2018/09/Logo-GottinBS-300x131.jpg 300w, https://ev-allianz-braunschweig.de/wp-content/uploads/2018/09/Logo-GottinBS-768x335.jpg 768w, https://ev-allianz-braunschweig.de/wp-content/uploads/2018/09/Logo-GottinBS.jpg 796w" alt="" width="300" height="131" /></a><!--more--></h6>
<h6></h6>
<h6><a href="http://www.gottinbraunschweig.de"><strong><span style="color: #993366;">www.gottinbraunschweig.de</span></strong></a></h6>
<div class="entry-content article"></div>
<p style="text-align: left;"><strong><em>So habe ich Grund, mich über alles zu freuen, was Christus Jesus durch mich in meinem Dienst für Gott getan hat. </em></strong><strong><em>Ich würde es nicht wagen, auf etwas anderes stolz zu sein als auf Christus, der die anderen Völker durch mein Reden und Tun zu Gott geführt hat. Ich habe sie gewonnen durch die Wunder, die als Zeichen Gottes durch mich geschahen und durch die Kraft des Heiligen Geistes. Auf diese Weise habe ich die Botschaft von Christus überall verbreitet!<br />
Römer 15, 17 – 19</em></strong></p>
</div>
<p><a href="https://ev-allianz-braunschweig.de/wp-content/uploads/2019/08/Glaube-der-dich-trägt.png"><img decoding="async" loading="lazy" class="alignleft size-full wp-image-2633" src="https://ev-allianz-braunschweig.de/wp-content/uploads/2019/08/Glaube-der-dich-trägt.png" alt="" width="1215" height="603" srcset="https://ev-allianz-braunschweig.de/wp-content/uploads/2019/08/Glaube-der-dich-trägt.png 1215w, https://ev-allianz-braunschweig.de/wp-content/uploads/2019/08/Glaube-der-dich-trägt-300x149.png 300w, https://ev-allianz-braunschweig.de/wp-content/uploads/2019/08/Glaube-der-dich-trägt-768x381.png 768w, https://ev-allianz-braunschweig.de/wp-content/uploads/2019/08/Glaube-der-dich-trägt-1024x508.png 1024w" sizes="(max-width: 1215px) 100vw, 1215px" /></a></p>
<p><a href="https://ev-allianz-braunschweig.de/wp-content/uploads/2019/08/Liebe-die-dich-überwältigt.png"><img decoding="async" loading="lazy" class="alignleft size-full wp-image-2636" src="https://ev-allianz-braunschweig.de/wp-content/uploads/2019/08/Liebe-die-dich-überwältigt.png" alt="" width="1090" height="503" srcset="https://ev-allianz-braunschweig.de/wp-content/uploads/2019/08/Liebe-die-dich-überwältigt.png 1090w, https://ev-allianz-braunschweig.de/wp-content/uploads/2019/08/Liebe-die-dich-überwältigt-300x138.png 300w, https://ev-allianz-braunschweig.de/wp-content/uploads/2019/08/Liebe-die-dich-überwältigt-768x354.png 768w, https://ev-allianz-braunschweig.de/wp-content/uploads/2019/08/Liebe-die-dich-überwältigt-1024x473.png 1024w" sizes="(max-width: 1090px) 100vw, 1090px" /></a></p>
<p><a href="https://ev-allianz-braunschweig.de/wp-content/uploads/2019/08/Hoffnung-für-dich.png"><img decoding="async" loading="lazy" class="alignleft size-full wp-image-2634" src="https://ev-allianz-braunschweig.de/wp-content/uploads/2019/08/Hoffnung-für-dich.png" alt="" width="1213" height="579" srcset="https://ev-allianz-braunschweig.de/wp-content/uploads/2019/08/Hoffnung-für-dich.png 1213w, https://ev-allianz-braunschweig.de/wp-content/uploads/2019/08/Hoffnung-für-dich-300x143.png 300w, https://ev-allianz-braunschweig.de/wp-content/uploads/2019/08/Hoffnung-für-dich-768x367.png 768w, https://ev-allianz-braunschweig.de/wp-content/uploads/2019/08/Hoffnung-für-dich-1024x489.png 1024w" sizes="(max-width: 1213px) 100vw, 1213px" /></a></p>
<p><a href="https://ev-allianz-braunschweig.de/wp-content/uploads/2019/08/Jesus-und-DU.png"><img decoding="async" loading="lazy" class="alignleft size-full wp-image-2635" src="https://ev-allianz-braunschweig.de/wp-content/uploads/2019/08/Jesus-und-DU.png" alt="" width="1202" height="559" srcset="https://ev-allianz-braunschweig.de/wp-content/uploads/2019/08/Jesus-und-DU.png 1202w, https://ev-allianz-braunschweig.de/wp-content/uploads/2019/08/Jesus-und-DU-300x140.png 300w, https://ev-allianz-braunschweig.de/wp-content/uploads/2019/08/Jesus-und-DU-768x357.png 768w, https://ev-allianz-braunschweig.de/wp-content/uploads/2019/08/Jesus-und-DU-1024x476.png 1024w" sizes="(max-width: 1202px) 100vw, 1202px" /></a></p>
